ase 12.
232b4b8
Convert b3a29 (base 13) to base 10.
322487
20011000212 (base 3) to base 4
131203031
113033231 (base 4) to base 3
11211121102
-15135032 (base 6) to base 13
-155540
-10110110011000110 (base 2) to base 5
-10442012
130310 (base 7) to base 12
11b98
What is -11111010010001011 (base 2) in base 6?
-2425123
240412413 (base 5) to base 10
1107233
Convert 4237459 (base 11) to base 4.
130131303312
Convert 14455252 (base 6) to base 15.
9ead8
Convert -131593 (base 13) to base 12.
-1a234a
Convert -25aa31 (base 11) to base 5.
-101103421
What is -1203006 (base 7) in base 11?
-a4473
-330321 (base 11) to base 12
-2152b2
1034557 (base 8) to base 12
114267
What is -321322210203 (base 4) in base 11?
-862a603
11011111001110011101 (base 2) to base 6
31333005
Convert -3172c (base 13) to base 8.
-256015
-10d453 (base 14) to base 6
-20151013
-3576615 (base 12) to base 3
-201111021012122
683a60 (base 12) to base 3
10010121202000
What is -22a328 (base 11) in base 3?
-200112210202
Convert 333313 (base 6) to base 15.
8456
-111023 (base 16) to base 11
-6a4175
354103033 (base 6) to base 7
110245635
What is -e66dc3 (base 15) in base 9?
-22552033
Convert 130674 (base 9) to base 10.
79285
What is -1320104234 (base 5) in base 8?
-14417720
-43343140 (base 5) to base 16
-5abd6
Convert -13122 (base 12) to base 6.
-320442
What is -1267152 (base 8) in base 6?
-11343522
What is 330555 (base 6) in base 16?
6b27
Convert -74b21 (base 14) to base 8.
-1046731
What is -1130121333 (base 4) in base 7?
-3134325
Convert -10011011011100111101 (base 2) to base 12.
-268591
What is -588928 (base 13) in base 2?
-1000000001101100010100
-6155818 (base 9) to base 5
-1320103220
What is -73958 (base 15) in base 2?
-1011001100000010000
Convert 244246 (base 15) to base 13.
489ab0
-53b75 (base 12) to base 7
-640160
Convert -111001000100111 (base 2) to base 12.
-14ab3
Convert 645108 (base 9) to base 13.
105ba5
Convert -177383 (base 14) to base 9.
-1488846
What is 2408608 (base 10) in base 4?
21030002200
What is a185b (base 15) in base 13?
14ba90
db57b (base 14) to base 9
887855
-83282 (base 11) to base 13
-43387
What is 1001100011000101011 (base 2) in base 5?
40003000
-626467 (base 8) to base 2
-110010110100110111
What is 86620 (base 14) in base 4?
1033112010
Convert 135773 (base 13) to base 11.
2a0600
237d5 (base 15) to base 7
650612
1101001111011000110 (base 2) to base 16
69ec6
Convert -f6319 (base 16) to base 6.
-33340321
Convert -299dc0 (base 16) to base 9.
-5116210
205523205 (base 6) to base 2
1101110111011000010101
Convert 20b38 (base 12) to base 14.
119c8
Convert 33b44 (base 16) to base 10.
211780
What is 8206629 (base 10) in base 3?
120102221101020
What is 2504266 (base 7) in base 2?
1001110010101010011
What is -3530c8 (base 13) in base 8?
-4643517
Convert 10547263 (base 8) to base 4.
20230322303
Convert -1766334 (base 9) to base 7.
-11255536
Convert 102101100021 (base 3) to base 16.
36b35
Convert 1001221212001002 (base 3) to base 12.
51a196b
What is -3220030200 (base 4) in base 15?
-13bbec
322955 (base 14) to base 11
a5a501
13220111010 (base 4) to base 5
1003001241
What is 479378 (base 11) in base 9?
1376274
3355720 (base 8) to base 13
25a528
1b23a6 (base 13) to base 14
13d8d7
10422240 (base 5) to base 7
532535
Convert -36a96a (base 11) to base 15.
-b8719
-12300211333 (base 4) to base 12
-7154a7
Convert -383432 (base 12) to base 15.
-1320c2
8bb6c (base 13) to base 4
332022030
Convert -5055e (base 15) to base 4.
-332012003
What is -114432 (base 9) in base 8?
-206417
1210323 (base 6) to base 5
4014002
-11220010222102 (base 3) to base 12
-a552a8
What is 110022122111020 (base 3) in base 7?
106436640
What is 1321211333 (base 4) in base 5?
111414142
What is -1110000011000101110110 (base 2) in base 14?
-6bc126
Convert 2661 (base 16) to base 5.
303300
What is 3205304 (base 6) in base 15?
31677
3b417 (base 13) to base 10
110546
What is 1cb317b (base 13) in base 7?
144425062
What is 142410313 (base 5) in base 2?
10110110100000111111
What is -1001101101000110011011 (base 2) in base 9?
-4706666
Convert -33a5a29 (base 11) to base 8.
-26551216
Convert -56a9b8 (base 12) to base 13.
-3975aa
Convert -10141421030 (base 5) to base 14.
-1573c81
Convert f2d0a (base 16) to base 6.
33152254
64125 (base 9) to base 15
c85b
What is 2c0490 (base 13) in base 15?
166c26
-59894 (base 10) to base 4
-32213312
42011140 (base 5) to base 6
11215041
What is -4887312 (base 12) in base 14?
-1c35330
Convert -1412330 (base 6) to base 12.
-3a0a6
Convert 301633 (base 12) to base 2.
10110110111001000111
Convert -21323222 (base 4) to base 6.
-512202
Convert -2125532 (base 6) to base 14.
-2a372
36367105 (base 8) to base 4
132132321011
-10654052 (base 7) to base 13
-26ab15
Convert -2636730 (base 8) to base 5.
-142033403
-1906da (base 16) to base 4
-12100123122
d368 (base 14) to base 9
54771
Convert -7b563 (base 12) to base 10.
-164955
What is 12002111001 (base 3) in base 11?
69334
What is -466566 (base 7) in base 5?
-10141420
Convert -b2a897 (base 14) to base 10.
-6022037
-ac2158 (base 14) to base 8
-26230002
Convert 4209 (base 14) to base 4.
2301301
Convert -2b679 (base 13) to base 12.
-3b82b
2387 (base 14) to base 10
6195
Convert -3a487 (base 12) to base 16.
-13927
-212222121202 (base 3) to base 2
-1110011010000110011
304264 (base 9) to base 8
540073
-56156000 (base 7) to base 10
-4854479
-1383175 (base 9) to base 11
-481621
Convert 24044220 (base 5) to base 15.
45ac5
What is -3034143143 (base 5) in base 10?
-6162298
What is -100011110100000001110011 (base 2) in base 13?
-1c39222
132023301 (base 4) to base 10
123633
-142323024 (base 5) to base 9
-1355430
-989a (base 12) to base 3
-212002001
What is -382665 (base 9) in base 4?
-320203112
What is 4383759 (base 11) in base 9?
15422582
74403245 (base 8) to base 10
15861413
-156232 (base 8) to base 6
-1113242
What is 550082 (base 9) in base 11?
204585
Convert -3a175 (base 15) to base 16.
-2d668
Convert -111011011110010100000111 (base 2) to base 12.
-527a45b
What is -2632526 (base 7) in base 6?
-11213542
What is -1210011121202 (base 3) in base 16?
-e77b8
1623d (base 15) to base 8
213327
What is -1799785 (base 10) in base 8?
-6673151
Convert 44172 (base 8) to base 11.
12a38
-1351442 (base 6) to base 9
-126368
What is 301031222 (base 4) in base 11?
1284a3
What is 1166276 (base 9) in base 7?
5251512
Convert -101000000001110111 (base 2) to base 10.
-163959
Convert -100010001111101010001100 (base 2) to base 11.
-5081642
What is 6630915 (base 10) in base 5?
3144142130
What is 210101011 (base 3) in base 8?
36337
Convert 1101000100000110111 (base 2) to base 3.
210202020002
What is 55464262 (base 8) in base 16?
b668b2
What is b4512 (base 12) in base 16?
398de
What is 1001110011001110101 (base 2) in base 16?
4e675
Convert 2f99bb (base 16) to base 9.
5774183
What is 10130003202 (base 4) in base 14?
224026
Convert 2042513 (base 6) to base 7.
561654
2741d4 (base 14) to base 16
14b08e
Convert -3317711 (base 8) to base 16.
-d9fc9
404234353 (base 6) to base 15
91c023
Convert 328043 (base 13) to base 10.
1188632
Convert -28322 (base 14) to base 13.
-36324
Convert 1781b (base 14) to base 6.
1134053
Convert 945546 (base 11) to base 2.
101110001111101000101
-1121212221202 (base 3) to base 8
-3227127
Convert 42646116 (base 7) to base 16.
3792b4
Convert c15935 (base 14) to base 2.
11000110100110100111011
Convert -434314343 (base 5) to base 4.
-13020202111
Convert -979331 (base 12) to base 16.
-24a195
-18c971 (base 15) to base 14
-235c2a
Convert -3001110 (base 5) to base 13.
-18539
What is 14123111 (base 6) in base 4?
1310212303
Convert -221a6 (base 16) to base 6.
-2554410
What is 129039 (base 10) in base 12?
62813
11033231201 (base 4) to base 9
2525218
2343030440 (base 5) to base 4
110300000013
What is 888344 (base 9) in base 5?
113442440
What is 15245126 (base 9) in base 10?
7588266
Convert 1001000101111 (base 2) to base 4.
1020233
-10011010110110101100100 (base 2) to base 12
-1848604
Convert -71aa99 (base 11) to base 8.
-4323022
Convert -11005430 (base 6) to base 3.
-121122201000
What is -101222210110 (base 3) in base 7?
-1560540
882 (base 15) to base 7
5414
What is 86e62 (base 15) in base 4?
1220213030
Convert 3c499 (base 15) to base 14.
506b9
What is -1107437 (base 8) in base 2?
-10010001111000111